{"id":5205,"date":"2021-07-12T08:09:02","date_gmt":"2021-07-12T08:09:02","guid":{"rendered":"https:\/\/petrazabcic.art\/impresum\/"},"modified":"2021-07-12T12:15:03","modified_gmt":"2021-07-12T12:15:03","slug":"associates","status":"publish","type":"page","link":"https:\/\/petrazabcic.art\/en\/associates\/","title":{"rendered":"Associates"},"content":{"rendered":"<p>[vc_row full_width=&#8221;stretch_row&#8221; full_height=&#8221;yes&#8221; content_placement=&#8221;middle&#8221; parallax=&#8221;content-moving&#8221; parallax_image=&#8221;5165&#8243; css=&#8221;.vc_custom_1626079838306{margin-top: 50px !important;}&#8221;][vc_column width=&#8221;1\/3&#8243; css=&#8221;.vc_custom_1626077816738{padding: 30px !important;}&#8221;][\/vc_column][vc_column width=&#8221;1\/3&#8243;][vc_empty_space height=&#8221;100px&#8221;][vc_column_text css=&#8221;.vc_custom_1626092091285{padding-top: 30px !important;padding-right: 30px !important;padding-bottom: 30px !important;padding-left: 30px !important;background-color: rgba(255,255,255,0.7) !important;*background-color: rgb(255,255,255) !important;}&#8221;]<\/p>\n<h4 style=\"text-align: center;\">Photography:<br \/>\n<span style=\"font-family: Roboto; font-size: 14px; font-weight: bold;\">Karlo Jeli\u0107 photography<\/span><\/h4>\n<p>&nbsp;<\/p>\n<h4 style=\"text-align: center;\">Model:<br \/>\n<span style=\"font-family: Roboto; font-size: 14px; font-weight: bold;\">Ivana Brajdi\u0107<\/span><\/h4>\n<p>&nbsp;<\/p>\n<h4 style=\"text-align: center;\">Graphic design &amp; print:<br \/>\n<span style=\"font-family: Roboto; font-size: 14px; font-weight: bold;\">Jasmina \u0160tembal,\u00a0<\/span><span style=\"font-family: Roboto; font-size: 14px; font-weight: bold;\">Tiskara Setoffset<\/span><\/h4>\n<p>&nbsp;<\/p>\n<h4 style=\"text-align: center;\">Web:<br \/>\n<span style=\"font-family: Roboto; font-size: 14px; font-weight: bold;\">Sapun d.o.o.<\/span><\/h4>\n<p>[\/vc_column_text][vc_empty_space height=&#8221;600px&#8221;][\/vc_column][vc_column width=&#8221;1\/3&#8243;][\/vc_column][\/vc_row]<\/p>\n","protected":false},"excerpt":{"rendered":"<p>[vc_row full_width=&#8221;stretch_row&#8221; full_height=&#8221;yes&#8221; content_placement=&#8221;middle&#8221; parallax=&#8221;content-moving&#8221; parallax_image=&#8221;5165&#8243; css=&#8221;.vc_custom_1626079838306{margin-top: 50px !important;}&#8221;][vc_column width=&#8221;1\/3&#8243; css=&#8221;.vc_custom_1626077816738{padding: 30px !important;}&#8221;][\/vc_column][vc_column width=&#8221;1\/3&#8243;][vc_empty_space height=&#8221;100px&#8221;][vc_column_text css=&#8221;.vc_custom_1626092091285{padding-top: 30px !important;padding-right: 30px !important;padding-bottom: 30px !important;padding-left: 30px !important;background-color: rgba(255,255,255,0.7) !important;*background-color: rgb(255,255,255) !important;}&#8221;] Photography: Karlo Jeli\u0107 photography &nbsp; Model: Ivana Brajdi\u0107 &nbsp; Graphic design &amp; print: Jasmina \u0160tembal,\u00a0Tiskara Setoffset &nbsp; Web: Sapun d.o.o. [\/vc_column_text][vc_empty_space height=&#8221;600px&#8221;][\/vc_column][vc_column width=&#8221;1\/3&#8243;][\/vc_column][\/vc_row]<\/p>\n","protected":false},"author":1,"featured_media":0,"parent":0,"menu_order":0,"comment_status":"closed","ping_status":"closed","template":"","meta":{"footnotes":""},"class_list":["post-5205","page","type-page","status-publish","hentry"],"yoast_head":"<!-- This site is optimized with the Yoast SEO plugin v25.0 - https:\/\/yoast.com\/wordpress\/plugins\/seo\/ -->\n<title>Associates - Petra \u017dab\u010di\u0107 ART<\/title>\n<meta name=\"robots\" content=\"index, follow, max-snippet:-1, max-image-preview:large, max-video-preview:-1\" \/>\n<link rel=\"canonical\" href=\"https:\/\/petrazabcic.art\/en\/associates\/\" \/>\n<meta property=\"og:locale\" content=\"en_US\" \/>\n<meta property=\"og:type\" content=\"article\" \/>\n<meta property=\"og:title\" content=\"Associates - Petra \u017dab\u010di\u0107 ART\" \/>\n<meta property=\"og:description\" content=\"[vc_row full_width=&#8221;stretch_row&#8221; full_height=&#8221;yes&#8221; content_placement=&#8221;middle&#8221; parallax=&#8221;content-moving&#8221; parallax_image=&#8221;5165&#8243; css=&#8221;.vc_custom_1626079838306{margin-top: 50px !important;}&#8221;][vc_column width=&#8221;1\/3&#8243; css=&#8221;.vc_custom_1626077816738{padding: 30px !important;}&#8221;][\/vc_column][vc_column width=&#8221;1\/3&#8243;][vc_empty_space height=&#8221;100px&#8221;][vc_column_text css=&#8221;.vc_custom_1626092091285{padding-top: 30px !important;padding-right: 30px !important;padding-bottom: 30px !important;padding-left: 30px !important;background-color: rgba(255,255,255,0.7) !important;*background-color: rgb(255,255,255) !important;}&#8221;] Photography: Karlo Jeli\u0107 photography &nbsp; Model: Ivana Brajdi\u0107 &nbsp; Graphic design &amp; print: Jasmina \u0160tembal,\u00a0Tiskara Setoffset &nbsp; Web: Sapun d.o.o. [\/vc_column_text][vc_empty_space height=&#8221;600px&#8221;][\/vc_column][vc_column width=&#8221;1\/3&#8243;][\/vc_column][\/vc_row]\" \/>\n<meta property=\"og:url\" content=\"https:\/\/petrazabcic.art\/en\/associates\/\" \/>\n<meta property=\"og:site_name\" content=\"Petra \u017dab\u010di\u0107 ART\" \/>\n<meta property=\"article:publisher\" content=\"https:\/\/www.facebook.com\/petra.zabcic\" \/>\n<meta property=\"article:modified_time\" content=\"2021-07-12T12:15:03+00:00\" \/>\n<meta property=\"og:image\" content=\"https:\/\/petrazabcic.art\/wp-content\/uploads\/2021\/05\/Petra-Zabcic-art-LOGO-1.png\" \/>\n\t<meta property=\"og:image:width\" content=\"300\" \/>\n\t<meta property=\"og:image:height\" content=\"300\" \/>\n\t<meta property=\"og:image:type\" content=\"image\/png\" \/>\n<meta name=\"twitter:card\" content=\"summary_large_image\" \/>\n<meta name=\"twitter:label1\" content=\"Est. reading time\" \/>\n\t<meta name=\"twitter:data1\" content=\"1 minute\" \/>\n<script type=\"application\/ld+json\" class=\"yoast-schema-graph\">{\"@context\":\"https:\/\/schema.org\",\"@graph\":[{\"@type\":\"WebPage\",\"@id\":\"https:\/\/petrazabcic.art\/en\/associates\/\",\"url\":\"https:\/\/petrazabcic.art\/en\/associates\/\",\"name\":\"Associates - Petra \u017dab\u010di\u0107 ART\",\"isPartOf\":{\"@id\":\"https:\/\/petrazabcic.art\/en\/#website\"},\"datePublished\":\"2021-07-12T08:09:02+00:00\",\"dateModified\":\"2021-07-12T12:15:03+00:00\",\"breadcrumb\":{\"@id\":\"https:\/\/petrazabcic.art\/en\/associates\/#breadcrumb\"},\"inLanguage\":\"en-US\",\"potentialAction\":[{\"@type\":\"ReadAction\",\"target\":[\"https:\/\/petrazabcic.art\/en\/associates\/\"]}]},{\"@type\":\"BreadcrumbList\",\"@id\":\"https:\/\/petrazabcic.art\/en\/associates\/#breadcrumb\",\"itemListElement\":[{\"@type\":\"ListItem\",\"position\":1,\"name\":\"Po\u010detna stranica\",\"item\":\"https:\/\/petrazabcic.art\/\"},{\"@type\":\"ListItem\",\"position\":2,\"name\":\"Associates\"}]},{\"@type\":\"WebSite\",\"@id\":\"https:\/\/petrazabcic.art\/en\/#website\",\"url\":\"https:\/\/petrazabcic.art\/en\/\",\"name\":\"Petra \u017dab\u010di\u0107 ART\",\"description\":\"__SLIKE__ILUSTRACIJE__NAKIT__\",\"publisher\":{\"@id\":\"https:\/\/petrazabcic.art\/en\/#organization\"},\"potentialAction\":[{\"@type\":\"SearchAction\",\"target\":{\"@type\":\"EntryPoint\",\"urlTemplate\":\"https:\/\/petrazabcic.art\/en\/?s={search_term_string}\"},\"query-input\":{\"@type\":\"PropertyValueSpecification\",\"valueRequired\":true,\"valueName\":\"search_term_string\"}}],\"inLanguage\":\"en-US\"},{\"@type\":\"Organization\",\"@id\":\"https:\/\/petrazabcic.art\/en\/#organization\",\"name\":\"Petra \u017dab\u010di\u0107 art\",\"url\":\"https:\/\/petrazabcic.art\/en\/\",\"logo\":{\"@type\":\"ImageObject\",\"inLanguage\":\"en-US\",\"@id\":\"https:\/\/petrazabcic.art\/en\/#\/schema\/logo\/image\/\",\"url\":\"https:\/\/petrazabcic.art\/wp-content\/uploads\/2021\/05\/Petra-Zabcic-art-LOGO-1.png\",\"contentUrl\":\"https:\/\/petrazabcic.art\/wp-content\/uploads\/2021\/05\/Petra-Zabcic-art-LOGO-1.png\",\"width\":300,\"height\":300,\"caption\":\"Petra \u017dab\u010di\u0107 art\"},\"image\":{\"@id\":\"https:\/\/petrazabcic.art\/en\/#\/schema\/logo\/image\/\"},\"sameAs\":[\"https:\/\/www.facebook.com\/petra.zabcic\",\"https:\/\/www.instagram.com\/petrazabcic.art\/\"]}]}<\/script>\n<!-- \/ Yoast SEO plugin. -->","yoast_head_json":{"title":"Associates - Petra \u017dab\u010di\u0107 ART","robots":{"index":"index","follow":"follow","max-snippet":"max-snippet:-1","max-image-preview":"max-image-preview:large","max-video-preview":"max-video-preview:-1"},"canonical":"https:\/\/petrazabcic.art\/en\/associates\/","og_locale":"en_US","og_type":"article","og_title":"Associates - Petra \u017dab\u010di\u0107 ART","og_description":"[vc_row full_width=&#8221;stretch_row&#8221; full_height=&#8221;yes&#8221; content_placement=&#8221;middle&#8221; parallax=&#8221;content-moving&#8221; parallax_image=&#8221;5165&#8243; css=&#8221;.vc_custom_1626079838306{margin-top: 50px !important;}&#8221;][vc_column width=&#8221;1\/3&#8243; css=&#8221;.vc_custom_1626077816738{padding: 30px !important;}&#8221;][\/vc_column][vc_column width=&#8221;1\/3&#8243;][vc_empty_space height=&#8221;100px&#8221;][vc_column_text css=&#8221;.vc_custom_1626092091285{padding-top: 30px !important;padding-right: 30px !important;padding-bottom: 30px !important;padding-left: 30px !important;background-color: rgba(255,255,255,0.7) !important;*background-color: rgb(255,255,255) !important;}&#8221;] Photography: Karlo Jeli\u0107 photography &nbsp; Model: Ivana Brajdi\u0107 &nbsp; Graphic design &amp; print: Jasmina \u0160tembal,\u00a0Tiskara Setoffset &nbsp; Web: Sapun d.o.o. [\/vc_column_text][vc_empty_space height=&#8221;600px&#8221;][\/vc_column][vc_column width=&#8221;1\/3&#8243;][\/vc_column][\/vc_row]","og_url":"https:\/\/petrazabcic.art\/en\/associates\/","og_site_name":"Petra \u017dab\u010di\u0107 ART","article_publisher":"https:\/\/www.facebook.com\/petra.zabcic","article_modified_time":"2021-07-12T12:15:03+00:00","og_image":[{"width":300,"height":300,"url":"https:\/\/petrazabcic.art\/wp-content\/uploads\/2021\/05\/Petra-Zabcic-art-LOGO-1.png","type":"image\/png"}],"twitter_card":"summary_large_image","twitter_misc":{"Est. reading time":"1 minute"},"schema":{"@context":"https:\/\/schema.org","@graph":[{"@type":"WebPage","@id":"https:\/\/petrazabcic.art\/en\/associates\/","url":"https:\/\/petrazabcic.art\/en\/associates\/","name":"Associates - Petra \u017dab\u010di\u0107 ART","isPartOf":{"@id":"https:\/\/petrazabcic.art\/en\/#website"},"datePublished":"2021-07-12T08:09:02+00:00","dateModified":"2021-07-12T12:15:03+00:00","breadcrumb":{"@id":"https:\/\/petrazabcic.art\/en\/associates\/#breadcrumb"},"inLanguage":"en-US","potentialAction":[{"@type":"ReadAction","target":["https:\/\/petrazabcic.art\/en\/associates\/"]}]},{"@type":"BreadcrumbList","@id":"https:\/\/petrazabcic.art\/en\/associates\/#breadcrumb","itemListElement":[{"@type":"ListItem","position":1,"name":"Po\u010detna stranica","item":"https:\/\/petrazabcic.art\/"},{"@type":"ListItem","position":2,"name":"Associates"}]},{"@type":"WebSite","@id":"https:\/\/petrazabcic.art\/en\/#website","url":"https:\/\/petrazabcic.art\/en\/","name":"Petra \u017dab\u010di\u0107 ART","description":"__SLIKE__ILUSTRACIJE__NAKIT__","publisher":{"@id":"https:\/\/petrazabcic.art\/en\/#organization"},"potentialAction":[{"@type":"SearchAction","target":{"@type":"EntryPoint","urlTemplate":"https:\/\/petrazabcic.art\/en\/?s={search_term_string}"},"query-input":{"@type":"PropertyValueSpecification","valueRequired":true,"valueName":"search_term_string"}}],"inLanguage":"en-US"},{"@type":"Organization","@id":"https:\/\/petrazabcic.art\/en\/#organization","name":"Petra \u017dab\u010di\u0107 art","url":"https:\/\/petrazabcic.art\/en\/","logo":{"@type":"ImageObject","inLanguage":"en-US","@id":"https:\/\/petrazabcic.art\/en\/#\/schema\/logo\/image\/","url":"https:\/\/petrazabcic.art\/wp-content\/uploads\/2021\/05\/Petra-Zabcic-art-LOGO-1.png","contentUrl":"https:\/\/petrazabcic.art\/wp-content\/uploads\/2021\/05\/Petra-Zabcic-art-LOGO-1.png","width":300,"height":300,"caption":"Petra \u017dab\u010di\u0107 art"},"image":{"@id":"https:\/\/petrazabcic.art\/en\/#\/schema\/logo\/image\/"},"sameAs":["https:\/\/www.facebook.com\/petra.zabcic","https:\/\/www.instagram.com\/petrazabcic.art\/"]}]}},"_links":{"self":[{"href":"https:\/\/petrazabcic.art\/en\/wp-json\/wp\/v2\/pages\/5205","targetHints":{"allow":["GET"]}}],"collection":[{"href":"https:\/\/petrazabcic.art\/en\/wp-json\/wp\/v2\/pages"}],"about":[{"href":"https:\/\/petrazabcic.art\/en\/wp-json\/wp\/v2\/types\/page"}],"author":[{"embeddable":true,"href":"https:\/\/petrazabcic.art\/en\/wp-json\/wp\/v2\/users\/1"}],"replies":[{"embeddable":true,"href":"https:\/\/petrazabcic.art\/en\/wp-json\/wp\/v2\/comments?post=5205"}],"version-history":[{"count":4,"href":"https:\/\/petrazabcic.art\/en\/wp-json\/wp\/v2\/pages\/5205\/revisions"}],"predecessor-version":[{"id":5249,"href":"https:\/\/petrazabcic.art\/en\/wp-json\/wp\/v2\/pages\/5205\/revisions\/5249"}],"wp:attachment":[{"href":"https:\/\/petrazabcic.art\/en\/wp-json\/wp\/v2\/media?parent=5205"}],"curies":[{"name":"wp","href":"https:\/\/api.w.org\/{rel}","templated":true}]}}

<p>[vc_row full_width=&#8221;stretch_row&#8221; full_height=&#8221;yes&#8221; content_placement=&#8221;middle&#8221; parallax=&#8221;content-moving&#8221; parallax_image=&#8221;5165&#8243; css=&#8221;.vc_custom_1626079838306{margin-top: 50px !important;}&#8221;][vc_column width=&#8221;1/3&#8243; css=&#8221;.vc_custom_1626077816738{padding: 30px !important;}&#8221;][/vc_column][vc_column width=&#8221;1/3&#8243;][vc_empty_space height=&#8221;100px&#8221;][vc_column_text css=&#8221;.vc_custom_1626092091285{padding-top: 30px !important;padding-right: 30px !important;padding-bottom: 30px !important;padding-left: 30px !important;background-color: rgba(255,255,255,0.7) !important;*background-color: rgb(255,255,255) !important;}&#8221;]</p>
<h4 style="text-align: center;">Photography:<br />
<span style="font-family: Roboto; font-size: 14px; font-weight: bold;">Karlo Jelić photography</span></h4>
<p>&nbsp;</p>
<h4 style="text-align: center;">Model:<br />
<span style="font-family: Roboto; font-size: 14px; font-weight: bold;">Ivana Brajdić</span></h4>
<p>&nbsp;</p>
<h4 style="text-align: center;">Graphic design &amp; print:<br />
<span style="font-family: Roboto; font-size: 14px; font-weight: bold;">Jasmina Štembal, </span><span style="font-family: Roboto; font-size: 14px; font-weight: bold;">Tiskara Setoffset</span></h4>
<p>&nbsp;</p>
<h4 style="text-align: center;">Web:<br />
<span style="font-family: Roboto; font-size: 14px; font-weight: bold;">Sapun d.o.o.</span></h4>
<p>[/vc_column_text][vc_empty_space height=&#8221;600px&#8221;][/vc_column][vc_column width=&#8221;1/3&#8243;][/vc_column][/vc_row]</p>

<p>[vc_row full_width=&#8221;stretch_row&#8221; full_height=&#8221;yes&#8221; content_placement=&#8221;middle&#8221; parallax=&#8221;content-moving&#8221; parallax_image=&#8221;5165&#8243; css=&#8221;.vc_custom_1626079838306{margin-top: 50px !important;}&#8221;][vc_column width=&#8221;1/3&#8243; css=&#8221;.vc_custom_1626077816738{padding: 30px !important;}&#8221;][/vc_column][vc_column width=&#8221;1/3&#8243;][vc_empty_space height=&#8221;100px&#8221;][vc_column_text css=&#8221;.vc_custom_1626092091285{padding-top: 30px !important;padding-right: 30px !important;padding-bottom: 30px !important;padding-left: 30px !important;background-color: rgba(255,255,255,0.7) !important;*background-color: rgb(255,255,255) !important;}&#8221;] Photography: Karlo Jelić photography &nbsp; Model: Ivana Brajdić &nbsp; Graphic design &amp; print: Jasmina Štembal, Tiskara Setoffset &nbsp; Web: Sapun d.o.o. [/vc_column_text][vc_empty_space height=&#8221;600px&#8221;][/vc_column][vc_column width=&#8221;1/3&#8243;][/vc_column][/vc_row]</p>

<!-- This site is optimized with the Yoast SEO plugin v25.0 - https://yoast.com/wordpress/plugins/seo/ -->
<title>Associates - Petra Žabčić ART</title>
<meta name="robots" content="index, follow, max-snippet:-1, max-image-preview:large, max-video-preview:-1" />
<link rel="canonical" href="https://petrazabcic.art/en/associates/" />
<meta property="og:locale" content="en_US" />
<meta property="og:type" content="article" />
<meta property="og:title" content="Associates - Petra Žabčić ART" />
<meta property="og:description" content="[vc_row full_width=&#8221;stretch_row&#8221; full_height=&#8221;yes&#8221; content_placement=&#8221;middle&#8221; parallax=&#8221;content-moving&#8221; parallax_image=&#8221;5165&#8243; css=&#8221;.vc_custom_1626079838306{margin-top: 50px !important;}&#8221;][vc_column width=&#8221;1/3&#8243; css=&#8221;.vc_custom_1626077816738{padding: 30px !important;}&#8221;][/vc_column][vc_column width=&#8221;1/3&#8243;][vc_empty_space height=&#8221;100px&#8221;][vc_column_text css=&#8221;.vc_custom_1626092091285{padding-top: 30px !important;padding-right: 30px !important;padding-bottom: 30px !important;padding-left: 30px !important;background-color: rgba(255,255,255,0.7) !important;*background-color: rgb(255,255,255) !important;}&#8221;] Photography: Karlo Jelić photography &nbsp; Model: Ivana Brajdić &nbsp; Graphic design &amp; print: Jasmina Štembal, Tiskara Setoffset &nbsp; Web: Sapun d.o.o. [/vc_column_text][vc_empty_space height=&#8221;600px&#8221;][/vc_column][vc_column width=&#8221;1/3&#8243;][/vc_column][/vc_row]" />
<meta property="og:url" content="https://petrazabcic.art/en/associates/" />
<meta property="og:site_name" content="Petra Žabčić ART" />
<meta property="article:publisher" content="https://www.facebook.com/petra.zabcic" />
<meta property="article:modified_time" content="2021-07-12T12:15:03+00:00" />
<meta property="og:image" content="https://petrazabcic.art/wp-content/uploads/2021/05/Petra-Zabcic-art-LOGO-1.png" />
	<meta property="og:image:width" content="300" />
	<meta property="og:image:height" content="300" />
	<meta property="og:image:type" content="image/png" />
<meta name="twitter:card" content="summary_large_image" />
<meta name="twitter:label1" content="Est. reading time" />
	<meta name="twitter:data1" content="1 minute" />
<script type="application/ld+json" class="yoast-schema-graph">{"@context":"https://schema.org","@graph":[{"@type":"WebPage","@id":"https://petrazabcic.art/en/associates/","url":"https://petrazabcic.art/en/associates/","name":"Associates - Petra Žabčić ART","isPartOf":{"@id":"https://petrazabcic.art/en/#website"},"datePublished":"2021-07-12T08:09:02+00:00","dateModified":"2021-07-12T12:15:03+00:00","breadcrumb":{"@id":"https://petrazabcic.art/en/associates/#breadcrumb"},"inLanguage":"en-US","potentialAction":[{"@type":"ReadAction","target":["https://petrazabcic.art/en/associates/"]}]},{"@type":"BreadcrumbList","@id":"https://petrazabcic.art/en/associates/#breadcrumb","itemListElement":[{"@type":"ListItem","position":1,"name":"Početna stranica","item":"https://petrazabcic.art/"},{"@type":"ListItem","position":2,"name":"Associates"}]},{"@type":"WebSite","@id":"https://petrazabcic.art/en/#website","url":"https://petrazabcic.art/en/","name":"Petra Žabčić ART","description":"__SLIKE__ILUSTRACIJE__NAKIT__","publisher":{"@id":"https://petrazabcic.art/en/#organization"},"potentialAction":[{"@type":"SearchAction","target":{"@type":"EntryPoint","urlTemplate":"https://petrazabcic.art/en/?s={search_term_string}"},"query-input":{"@type":"PropertyValueSpecification","valueRequired":true,"valueName":"search_term_string"}}],"inLanguage":"en-US"},{"@type":"Organization","@id":"https://petrazabcic.art/en/#organization","name":"Petra Žabčić art","url":"https://petrazabcic.art/en/","logo":{"@type":"ImageObject","inLanguage":"en-US","@id":"https://petrazabcic.art/en/#/schema/logo/image/","url":"https://petrazabcic.art/wp-content/uploads/2021/05/Petra-Zabcic-art-LOGO-1.png","contentUrl":"https://petrazabcic.art/wp-content/uploads/2021/05/Petra-Zabcic-art-LOGO-1.png","width":300,"height":300,"caption":"Petra Žabčić art"},"image":{"@id":"https://petrazabcic.art/en/#/schema/logo/image/"},"sameAs":["https://www.facebook.com/petra.zabcic","https://www.instagram.com/petrazabcic.art/"]}]}</script>
<!-- / Yoast SEO plugin. -->

Associates - Petra Žabčić ART

[vc_row full_width=&#8221;stretch_row&#8221; full_height=&#8221;yes&#8221; content_placement=&#8221;middle&#8221; parallax=&#8221;content-moving&#8221; parallax_image=&#8221;5165&#8243; css=&#8221;.vc_custom_1626079838306{margin-top: 50px !important;}&#8221;][vc_column width=&#8221;1/3&#8243; css=&#8221;.vc_custom_1626077816738{padding: 30px !important;}&#8221;][/vc_column][vc_column width=&#8221;1/3&#8243;][vc_empty_space height=&#8221;100px&#8221;][vc_column_text css=&#8221;.vc_custom_1626092091285{padding-top: 30px !important;padding-right: 30px !important;padding-bottom: 30px !important;padding-left: 30px !important;background-color: rgba(255,255,255,0.7) !important;*background-color: rgb(255,255,255) !important;}&#8221;] Photography: Karlo Jelić photography &nbsp; Model: Ivana Brajdić &nbsp; Graphic design &amp; print: Jasmina Štembal, Tiskara Setoffset &nbsp; Web: Sapun d.o.o. [/vc_column_text][vc_empty_space height=&#8221;600px&#8221;][/vc_column][vc_column width=&#8221;1/3&#8243;][/vc_column][/vc_row]

Petra Žabčić ART

Početna stranica

Petra Žabčić art
